). What is the highest common divisor of w and i?
3
Suppose -4 = -x - 2. Suppose 3 = -x*d - 1. Let v(f) = -2*f - 3. Let u be v(d). Calculate the highest common divisor of u and 1.
1
Let o be 42/9*6/4. Let m(k) = -o*k**2 + 6*k + 5*k**2 - 1 + k**2 + 2*k**2. Let r be m(5). What is the highest common divisor of r and 18?
18
Suppose -4*b - 31 = -3*v, 4*b = -2*v - v + 47. What is the greatest common divisor of v and 39?
13
Let a(h) = h**2 + h + 25. Let p be a(0). Let t be (25/1)/(9/63). Calculate the greatest common factor of p and t.
25
Suppose 0 = 2*n + 2*n - 224. Suppose -11*y + 152 = 8*y. What is the greatest common divisor of n and y?
8
Let k(s) = -2*s - 3. Let n be k(-5). Let q = n - 3. Let o = 1 + q. Calculate the highest common divisor of 2 and o.
1
Let a(i) = i**2 + 5*i - 8. Let v be a(-6). Let f be v*(-9)/(-24)*-36. Suppose 40 = 2*w + 4. What is the greatest common divisor of w and f?
9
Suppose 5*p = -2*q + 2 + 1, 0 = 3*p + 15. What is the greatest common factor of q and 21?
7
Let w(u) = -u**2 - 1 + 2*u**2 - 5*u + 5 + 3. Let c be w(6). Calculate the highest common factor of c and 52.
13
Let i be (5 + -4)*4/2. Calculate the highest common divisor of i and 18.
2
Suppose -1044 + 84 = -3*o. Let s = -199 + o. What is the highest common divisor of s and 11?
11
Let a(z) = -z**2 - 18*z + 6. Let h be a(-15). Suppose -2*s - s + h = 0. Calculate the greatest common divisor of s and 153.
17
Let r = -14 - -3. Let i = r - -37. Suppose 19 = n - 5*k, -n + k = 3*k - 47. What is the highest common divisor of i and n?
13
Let s(i) = i**3 - 4*i**2 - 7*i + 6. Let l(k) = 2*k**2 - 4*k. Let w be l(3). Let v be s(w). What is the highest common factor of 9 and v?
9
Suppose 2*s + b - 64 = -3*b, 2*b - 8 = 0. Let o be (s/5)/(12/90). Suppose 40 = 4*a - 8. Calculate the highest common factor of a and o.
12
Let q(j) = 4*j**2 + j - 2. Let a be q(-2). Let s = -45 + 57. Calculate the highest common divisor of a and s.
12
Let g(z) = -z**3 - 10*z**2 - 8*z + 13. Let y be g(-9). Suppose y*p - 8*p = 4. Let v be (p - 0)*17/(-1). What is the highest common factor of 153 and v?
17
Let t(a) = -5*a**2 + a**2 + 4*a**3 - 7*a**3 - 2 + 3*a**2. Let f be t(-2). Calculate the highest common divisor of 2 and f.
2
Suppose -2*g + 108 = -2*h, -2*g + 5*h = -98 - 25. Let d = g + -34. Suppose w + 2 = 7. Calculate the highest common divisor of w and d.
5
Let q(o) be the first derivative of -5*o + 1/3*o**3 - 2 - 3*o**2. Let d be q(7). Calculate the greatest common divisor of 6 and d.
2
Let w = -8 - -11. Suppose -213 - 84 = -w*b. What is the highest common divisor of 11 and b?
11
Suppose 4*v - 1174 = -3*i, -3*v - 4*i - 303 = -4*v. Suppose -2*j = 3*j - v. Let l be (j - (-1 - -1)) + -3. Calculate the greatest common factor of 14 and l.
14
Let z = -54 - -146. Suppose z = -0*c + 4*c. Calculate the highest common divisor of c and 46.
23
Let m(x) = 3*x**3 + 4*x**2 + 4*x + 3. Let r be m(-2). Let f(v) = v - 8. Let q be f(3). Let d = q - r. Calculate the greatest common divisor of d and 88.
8
Let v(m) = -2*m**2 - 2*m. Let c be v(-2). Let j(o) = 2*o**2 - 4*o. Let f be j(c). What is the greatest common divisor of f and 6?
6
Let u = -425 - -595. What is the greatest common divisor of 17 and u?
17
Let h = 3 - 3. Suppose h*v - 5*v + 60 = -i, -5 = -i. Let x be ((-104)/(-6))/(3/18). What is the highest common factor of v and x?
13
Suppose -5*s - 693 = -12*s. Calculate the greatest common divisor of 9 and s.
9
Let s = 9 + -4. Calculate the highest common divisor of 20 and s.
5
Let b be (-8)/(-12) + (-28)/6. Let g = b + 14. What is the greatest common divisor of g and 110?
10
Let o be 42/(-9)*(-27)/6. What is the greatest common divisor of 189 and o?
21
Suppose -70 = -6*q + 7*q. Let i = q - -109. Calculate the highest common divisor of i and 26.
13
Let h = -4 + 8. Suppose 5*q + 4*u - 267 = 0, -h*u + 31 = q - 32. Let r be (q/6)/((-2)/(-4)). Calculate the highest common divisor of 51 and r.
17
Suppose -5*h = -0*h - 2*c - 268, 4*h + c = 217. Calculate the greatest common factor of 9 and h.
9
Suppose -5*j + 540 = -2*j. Suppose 0 = 5*v - 0*v + j. Let k = v - -57. Calculate the highest common divisor of k and 210.
21
Suppose 5*w = 3*w + 16. What is the greatest common divisor of 4 and w?
4
Let n be (9/27)/(1/6). Suppose -n*r - 15 = -5*r - 2*j, r = j. Calculate the greatest common factor of r and 6.
3
Let x(c) be the second derivative of 7*c**4/3 - c**3/3 + c. Let a be x(2). Calculate the greatest common factor of 12 and a.
12
Suppose 85 = 2*a + 5*b, 4*b = -2*a + 7*a - 196. Calculate the highest common divisor of 15 and a.
5
Let j = 3 - 2. Let w be 2 - (2 + (j - 38)). Let n = 55 - w. Calculate the greatest common divisor of 45 and n.
9
Let y(m) = m**3 + 5*m**2 - 5*m + 1. Let n be y(4). Let i = 175 - n. Let r = 40 + -30. Calculate the highest common divisor of i and r.
10
Let g(o) = -o**2 + 8*o - 9. Let k be g(6). Suppose -k*d + 210 = -0*d. What is the highest common factor of 10 and d?
10
Suppose 6*z - z - 1595 = 0. What is the greatest common divisor of 29 and z?
29
Let x be 15 + 3 + 3/(-3) + 3. What is the greatest common factor of x and 60?
20
Let w = 13 + -8. Suppose 0 = -w*v - 0*v + 10. Let p be ((-1)/(-2))/(v/4). What is the highest common factor of p and 1?
1
Let b = 17 - 12. Suppose -4*i + 10 = 2*z, 4*i + z - b = 6. Calculate the highest common factor of i and 1.
1
Let g be 4*(0 + 1) + 0. Let v(f) = 0*f + 1 - 7 + 12*f. Let a be v(g). What is the highest common divisor of 7 and a?
7
Let m(t) = t + 2. Let w be m(0). Suppose -w*o - 2*o + 324 = 0. Let q be ((-1)/(-2))/(1/18). What is the highest common divisor of q and o?
9
Suppose 5*w - 37 = 183. What is the greatest common factor of 4 and w?
4
Let s(g) = 6*g**3 - 2*g**2 + 2. Let c be s(2). What is the greatest common divisor of c and 14?
14
Let s be 135/20*(-32)/(-3). Suppose n = 3*n - s. Calculate the greatest common divisor of 12 and n.
12
Let i(s) be the third derivative of s**4/8 - s**3/2 + s**2. Suppose 5 = 5*y - 10. Let a be i(y). Calculate the greatest common divisor of a and 6.
6
Suppose 5*a - 2*a = 15. Let x = 40 + -23. Suppose 4*i + x = 5*j - 0*j, 14 = 2*j + 2*i. What is the greatest common divisor of a and j?
5
Suppose 2*i + 16 = -i + 2*f, 3*f - 28 = 5*i. Let r be (-90)/i - 2/8. Suppose -u = u - 176. Calculate the greatest common factor of u and r.
11
Let w(r) be the first derivative of -3*r**2/2 + 4. Let x be w(-1). What is the highest common divisor of 15 and x?
3
Suppose -2*y + 0*y = 0. Suppose 0*h - h + 1 = y. Suppose -3*x + 17 = 4*s, -2*x + 2*s + 7 = -9. Calculate the highest common divisor of x and h.
1
Suppose -4*d = -d - 60. Suppose 4*l - 144 = l. Suppose -3*z + l = 5*b - 127, -4*z - 5*b + 225 = 0. What is the greatest common factor of z and d?
10
Let b = -1 + 0. Let w be (-1)/(1 - (-2)/b). Suppose -8*l + 4*l = -g + 23, -3*g - 4*l = -5. What is the greatest common divisor of w and g?
1
Let b be 3/(-4) + (-1125)/(-60). Calculate the highest common factor of 45 and b.
9
Let p be 2/(5/3 + -1). Suppose -4*w = -c + 16, -4*c + 22 = -p*c + 2*w. What is the greatest common divisor of 5 and c?
5
Let s = 6 + -1. Let b(p) = p**2 - p - 5. Let r be b(s). Calculate the highest common factor of 150 and r.
15
Let z be (1/3)/((-12)/(-1836)). Calculate the highest common divisor of z and 51.
51
Let n be ((-7)/(-2))/(2/(-16)). Let b be ((-18)/21)/(2/n). Let a = b - -2. What is the greatest common factor of a and 2?
2
Let i be (-4)/(-18) + 34/9. Suppose -i*p = 5*v - 148, 5*p - 2*v - 162 - 56 = 0. What is the highest common divisor of p and 6?
6
Suppose -17*l = 62 - 96. Let i = -2 + 4. Calculate the highest common factor of l and i.
2
Let x(l) = 99*l + 2. Let u be x(2). Let n be (u/16)/((-2)/(-4)). Calculate the highest common divisor of 5 and n.
5
Let l be (12/(-15))/(2/(-5)). Suppose -z + 24 = l*z. Calculate the greatest common factor of z and 20.
4
Suppose 5*o = 4*o + 9. Let b = o + 2. Calculate the highest common divisor of b and 11.
11
Let q(y) = y + 17. Let o be (-4)/(-10) - 4/10. Let w be q(o). Let l be (-2)/9 + 7511/63. Calculate the greatest common divisor of w and l.
17
Suppose -5 = 2*o + 1. Let p be (-332)/o + 2/(-3). Suppose -q + 9 = -3*l + 38, 0 = -3*l + 3*q + 27. What is the greatest common factor of p and l?
10
Suppose 61*t - 65*t + 1184 = 0. What is t